{"id":823,"date":"2025-01-22T15:26:38","date_gmt":"2025-01-22T14:26:38","guid":{"rendered":"https:\/\/laverietolosane.fr\/?page_id=823"},"modified":"2025-01-22T15:27:19","modified_gmt":"2025-01-22T14:27:19","slug":"politique-de-confidentialite-2","status":"publish","type":"page","link":"https:\/\/laverietolosane.fr\/index.php\/politique-de-confidentialite-2\/","title":{"rendered":"POLITIQUE DE CONFIDENTIALIT\u00c9"},"content":{"rendered":"\t\t<div data-elementor-type=\"wp-page\" data-elementor-id=\"823\" class=\"elementor elementor-823\" data-elementor-post-type=\"page\">\n\t\t\t\t\t\t<section class=\"elementor-section elementor-top-section elementor-element elementor-element-8e0f67d elementor-section-boxed elementor-section-height-default elementor-section-height-default\" data-id=\"8e0f67d\" data-element_type=\"section\" data-e-type=\"section\">\n\t\t\t\t\t\t<div class=\"elementor-container elementor-column-gap-default\">\n\t\t\t\t\t<div class=\"elementor-column elementor-col-100 elementor-top-column elementor-element elementor-element-8156f5c\" data-id=\"8156f5c\" data-element_type=\"column\" data-e-type=\"column\">\n\t\t\t<div class=\"elementor-widget-wrap elementor-element-populated\">\n\t\t\t\t\t\t<div class=\"elementor-element elementor-element-3de3130 elementor-widget elementor-widget-text-editor\" data-id=\"3de3130\" data-element_type=\"widget\" data-e-type=\"widget\" data-widget_type=\"text-editor.default\">\n\t\t\t\t<div class=\"elementor-widget-container\">\n\t\t\t\t\t\t\t\t\t<h1>Politique de confidentialit\u00e9<\/h1><div>\u00a0<\/div><div><strong>Introduction<\/strong><\/div><div>Devant le d\u00e9veloppement des nouveaux outils de communication, il est n\u00e9cessaire de porter une attention particuli\u00e8re \u00e0 la protection de la vie priv\u00e9e. C\u2019est pourquoi, nous nous engageons \u00e0 respecter la confidentialit\u00e9 des renseignements personnels que nous collectons.<\/div><div>\u00a0<\/div><h2>Collecte des renseignements personnels<\/h2><div>\u00a0<\/div><div><ul><li>Pr\u00e9nom<\/li><li>Adresse \u00e9lectronique<\/li><li>Num\u00e9ro de t\u00e9l\u00e9phone \/ t\u00e9l\u00e9copieur<\/li><\/ul><\/div><div>Les renseignements personnels que nous collectons sont recueillis au travers de formulaires et gr\u00e2ce \u00e0 l\u2019interactivit\u00e9 \u00e9tablie entre vous et notre site Web. Nous utilisons \u00e9galement, comme indiqu\u00e9 dans la section suivante, des fichiers t\u00e9moins et\/ou journaux pour r\u00e9unir des informations vous concernant.<\/div><div>\u00a0<\/div><h2>Formulaires\u00a0et interactivit\u00e9:<\/h2><div>Vos renseignements personnels sont collect\u00e9s par le biais de formulaire, \u00e0 savoir :<\/div><div>\u00a0<\/div><div><ul><li>Formulaire d&rsquo;inscription au site Web<\/li><\/ul><\/div><div>Nous utilisons les renseignements ainsi collect\u00e9s pour les finalit\u00e9s suivantes :<\/div><div>\u00a0<\/div><div><ul><li>Informations \/ Offres promotionnelles<\/li><li>Statistiques<\/li><li>Contact<\/li><\/ul><\/div><div>Vos renseignements sont \u00e9galement collect\u00e9s par le biais de l\u2019interactivit\u00e9 pouvant s\u2019\u00e9tablir entre vous et notre site Web et ce, de la fa\u00e7on suivante:<\/div><div>\u00a0<\/div><div><ul><li>Correspondance<\/li><\/ul><\/div><div>Nous utilisons les renseignements ainsi collect\u00e9s pour les finalit\u00e9s suivantes :<\/div><div>\u00a0<\/div><div><ul><li>Informations ou pour des offres promotionnelles<\/li><li>Contact<\/li><\/ul><\/div><div>\u00a0<\/div><h2>Droit d\u2019opposition et de retrait<\/h2><div>Nous nous engageons \u00e0 vous offrir un droit d\u2019opposition et de retrait quant \u00e0 vos renseignements personnels.<\/div><div>Le droit d\u2019opposition s\u2019entend comme \u00e9tant la possiblit\u00e9 offerte aux internautes de refuser que leurs renseignements personnels soient utilis\u00e9es \u00e0 certaines fins mentionn\u00e9es lors de la collecte.<\/div><div>\u00a0<\/div><div>Le droit de retrait s\u2019entend comme \u00e9tant la possiblit\u00e9 offerte aux internautes de demander \u00e0 ce que leurs renseignements personnels ne figurent plus, par exemple, dans une liste de diffusion.<\/div><div>\u00a0<\/div><div><strong>Pour pouvoir exercer ces droits, vous pouvez :<\/strong><\/div><div>\u00a0<\/div><div>Code postal :\u00a0 31130<\/div><div>Courriel :\u00a0 laverie.tolosane@yahoo.com<\/div><div>T\u00e9l\u00e9phone :\u00a0 09 75 93 96 01<\/div><div>Section du site web :\u00a0\u00a0 www.laverietolosane.fr<\/div><div>\u00a0<\/div><h2>Droit d\u2019acc\u00e8s<\/h2><div>Nous nous engageons \u00e0 reconna\u00eetre un droit d\u2019acc\u00e8s et de rectification aux personnes concern\u00e9es d\u00e9sireuses de consulter, modifier, voire radier les informations les concernant.<\/div><div>\u00a0<\/div><div><strong>L\u2019exercice de ce droit se fera :<\/strong><\/div><div>\u00a0<\/div><div>Code postal :\u00a0 31130<\/div><div>Courriel :\u00a0 laverie.tolosane@yahoo.com<\/div><div>T\u00e9l\u00e9phone :\u00a0 09 75 93 96 01<\/div><div>Section du site web :\u00a0\u00a0 www.laverietolosane.fr<\/div><div>\u00a0<\/div><h2>S\u00e9curit\u00e9<\/h2><div>Les renseignements personnels que nous collectons sont conserv\u00e9s dans un environnement s\u00e9curis\u00e9. Les personnes travaillant pour nous sont tenues de respecter la confidentialit\u00e9 de vos informations.<\/div><div>\u00a0<\/div><div>Pour assurer la s\u00e9curit\u00e9 de vos renseignements personnels, nous avons recours aux mesures suivantes :<\/div><div>\u00a0<\/div><div><ul><li>Protocole SSL<\/li><\/ul><\/div><div>Nous nous engageons \u00e0 maintenir un haut degr\u00e9 de confidentialit\u00e9 en int\u00e9grant les derni\u00e8res innovations technologiques permettant d\u2019assurer la confidentialit\u00e9 de vos transactions. Toutefois, comme aucun m\u00e9canisme n\u2019offre une s\u00e9curit\u00e9 maximale, une part de risque est toujours pr\u00e9sente lorsque l\u2019on utilise Internet pour transmettre des renseignements personnels.<\/div><div>\u00a0<\/div><h2>L\u00e9gislation<\/h2><div>Nous nous engageons \u00e0 respecter les dispositions l\u00e9gislatives \u00e9nonc\u00e9es dans :<\/div><div>\u00a0<\/div><div>L\u00e9gislation: Fran\u00e7aise<\/div><div>\u00a0<\/div><div><strong>G\u00e9n\u00e9rateur de politique de confidentialit\u00e9 \/\u00a0<\/strong><a href=\"https:\/\/www.politiquedeconfidentialite.ca\/\" target=\"_blank\" rel=\"noopener\"><strong>Politique de confidentialit\u00e9<\/strong><\/a><\/div>\t\t\t\t\t\t\t\t<\/div>\n\t\t\t\t<\/div>\n\t\t\t\t\t<\/div>\n\t\t<\/div>\n\t\t\t\t\t<\/div>\n\t\t<\/section>\n\t\t\t\t<\/div>\n\t\t","protected":false},"excerpt":{"rendered":"<p>Politique de confidentialit\u00e9 \u00a0IntroductionDevant le d\u00e9veloppement des nouveaux outils de communication, il est n\u00e9cessaire de porter une attention particuli\u00e8re \u00e0 [&hellip;]<\/p>\n","protected":false},"author":1,"featured_media":0,"parent":0,"menu_order":0,"comment_status":"closed","ping_status":"closed","template":"elementor_canvas","meta":{"site-sidebar-layout":"no-sidebar","site-content-layout":"","ast-site-content-layout":"full-width-container","site-content-style":"default","site-sidebar-style":"default","ast-global-header-display":"","ast-banner-title-visibility":"","ast-main-header-display":"","ast-hfb-above-header-display":"","ast-hfb-below-header-display":"","ast-hfb-mobile-header-display":"","site-post-title":"disabled","ast-breadcrumbs-content":"","ast-featured-img":"disabled","footer-sml-layout":"","theme-transparent-header-meta":"","adv-header-id-meta":"","stick-header-meta":"","header-above-stick-meta":"","header-main-stick-meta":"","header-below-stick-meta":"","astra-migrate-meta-layouts":"default","ast-page-background-enabled":"default","ast-page-background-meta":{"desktop":{"background-color":"var(--ast-global-color-4)","background-image":"","background-repeat":"repeat","background-position":"center center","background-size":"auto","background-attachment":"scroll","background-type":"","background-media":"","overlay-type":"","overlay-color":"","overlay-opacity":"","overlay-gradient":""},"tablet":{"background-color":"","background-image":"","background-repeat":"repeat","background-position":"center center","background-size":"auto","background-attachment":"scroll","background-type":"","background-media":"","overlay-type":"","overlay-color":"","overlay-opacity":"","overlay-gradient":""},"mobile":{"background-color":"","background-image":"","background-repeat":"repeat","background-position":"center center","background-size":"auto","background-attachment":"scroll","background-type":"","background-media":"","overlay-type":"","overlay-color":"","overlay-opacity":"","overlay-gradient":""}},"ast-content-background-meta":{"desktop":{"background-color":"var(--ast-global-color-5)","background-image":"","background-repeat":"repeat","background-position":"center center","background-size":"auto","background-attachment":"scroll","background-type":"","background-media":"","overlay-type":"","overlay-color":"","overlay-opacity":"","overlay-gradient":""},"tablet":{"background-color":"var(--ast-global-color-5)","background-image":"","background-repeat":"repeat","background-position":"center center","background-size":"auto","background-attachment":"scroll","background-type":"","background-media":"","overlay-type":"","overlay-color":"","overlay-opacity":"","overlay-gradient":""},"mobile":{"background-color":"var(--ast-global-color-5)","background-image":"","background-repeat":"repeat","background-position":"center center","background-size":"auto","background-attachment":"scroll","background-type":"","background-media":"","overlay-type":"","overlay-color":"","overlay-opacity":"","overlay-gradient":""}},"footnotes":""},"class_list":["post-823","page","type-page","status-publish","hentry"],"_links":{"self":[{"href":"https:\/\/laverietolosane.fr\/index.php\/wp-json\/wp\/v2\/pages\/823","targetHints":{"allow":["GET"]}}],"collection":[{"href":"https:\/\/laverietolosane.fr\/index.php\/wp-json\/wp\/v2\/pages"}],"about":[{"href":"https:\/\/laverietolosane.fr\/index.php\/wp-json\/wp\/v2\/types\/page"}],"author":[{"embeddable":true,"href":"https:\/\/laverietolosane.fr\/index.php\/wp-json\/wp\/v2\/users\/1"}],"replies":[{"embeddable":true,"href":"https:\/\/laverietolosane.fr\/index.php\/wp-json\/wp\/v2\/comments?post=823"}],"version-history":[{"count":4,"href":"https:\/\/laverietolosane.fr\/index.php\/wp-json\/wp\/v2\/pages\/823\/revisions"}],"predecessor-version":[{"id":828,"href":"https:\/\/laverietolosane.fr\/index.php\/wp-json\/wp\/v2\/pages\/823\/revisions\/828"}],"wp:attachment":[{"href":"https:\/\/laverietolosane.fr\/index.php\/wp-json\/wp\/v2\/media?parent=823"}],"curies":[{"name":"wp","href":"https:\/\/api.w.org\/{rel}","templated":true}]}}